{"id":41,"date":"2009-02-12T10:44:38","date_gmt":"2009-02-12T09:44:38","guid":{"rendered":"http:\/\/wp.molineros.de\/?page_id=41"},"modified":"2023-08-03T10:59:39","modified_gmt":"2023-08-03T09:59:39","slug":"uber-javea","status":"publish","type":"page","link":"https:\/\/www.molineros.de\/?page_id=41","title":{"rendered":"\u00fcber Javea"},"content":{"rendered":"<p>J\u00e1vea (auf valenciano X\u00e1bia), mit ca. 30.ooo Einwohnern liegt zwischen Valencia und Alicante am \u00f6stlichsten Punkt der Provinz Valencia ,im Norden der Costa Blanca, der \u201eWei\u00dfen K\u00fcste&#8220;, an einer 25 km langen Bucht zwischen dem Cap de Sant Antoni im Norden und dem Cap de la Nau im S\u00fcden.<br \/>\nBei klarem Wetter sieht man die gegen\u00fcber liegende Insel Ibiza.<\/p>\n<p><a href=\"https:\/\/www.javeamigos.com\/javea-holiday-guide\/visiting-the-viewpoints\/\">Aussichtspunkte<\/a>&nbsp;<\/p>\n<p>Der K\u00fcstenverlauf wechselt zwischen kleinen Buchten und ausgedehnten Str\u00e4nden.<br \/>\nN\u00f6rdlich von J\u00e1vea, im botanischen Schutzgebiet der Region Val\u00e8ncia erhebt sich der 753m hohe Montg\u00f3.<br \/>\nZum Landesinneren hin erstrecken sich Orangenplantagen .<br \/>\nMit seiner vielseitigen Landschaft, sowohl an der K\u00fcste als auch im Landesinneren und einer naturfreundlichen Infrastruktur, bietet dieser Ort dem Besucher ein verlockendes Urlaubsangebot.<br \/>\nJ\u00e1vea verf\u00fcgt \u00fcber 6 Str\u00e4nde, ein Yacht- und Fischereihafen, 3 Tennisanlagen, 2 Golfpl\u00e4tze etc., Einkaufsm\u00f6glichkeiten, wie Superm\u00e4rkte, die mit ihrem Angebot auch h\u00f6chsten Anspr\u00fcchen gen\u00fcgen, Boutiquen, eine Markthalle, Wochenmarkt, Banken, Restaurants f\u00fcr jeden Geschmack , kulturelle Einrichtungen und Ausstellungen sind vorhanden.<br \/>\nAuch die \u00e4rztliche Versorgung ist gut.<br \/>\nEin gro\u00dfer Teil des Stadtgebietes befindet sich unter Naturschutz.<br \/>\nMan findet kleine abgeschiedene Felsenbuchten, aber auch den breiten Sandstrand Arenal mit seiner Palmenpromenade , vielen Restaurants und Gesch\u00e4ften.<br \/>\nIn der Altstadt scheint die Zeit stehen geblieben zu sein, w\u00e4hrend im modernen Hafengebiet gesch\u00e4ftiges Treiben herrscht.<\/p>\n<p><a href=\"https:\/\/www.molineros.de\/wp-content\/uploads\/Altstadt-scaled.jpg\"><img loading=\"lazy\" decoding=\"async\" class=\"alignnone wp-image-512 size-large\" src=\"https:\/\/www.molineros.de\/wp-content\/uploads\/Altstadt-766x1024.jpg\" alt=\"Altstadt\" width=\"766\" height=\"1024\" srcset=\"https:\/\/www.molineros.de\/wp-content\/uploads\/Altstadt-766x1024.jpg 766w, https:\/\/www.molineros.de\/wp-content\/uploads\/Altstadt-224x300.jpg 224w, https:\/\/www.molineros.de\/wp-content\/uploads\/Altstadt-768x1027.jpg 768w, https:\/\/www.molineros.de\/wp-content\/uploads\/Altstadt-1149x1536.jpg 1149w, https:\/\/www.molineros.de\/wp-content\/uploads\/Altstadt-1532x2048.jpg 1532w, https:\/\/www.molineros.de\/wp-content\/uploads\/Altstadt-scaled.jpg 1915w\" sizes=\"auto, (max-width: 766px) 100vw, 766px\" \/><\/a><\/p>\n<p><a href=\"https:\/\/www.molineros.de\/wp-content\/uploads\/Arenal-1.png\"><img loading=\"lazy\" decoding=\"async\" class=\"alignnone size-large wp-image-513\" src=\"https:\/\/www.molineros.de\/wp-content\/uploads\/Arenal-1-1024x779.png\" alt=\"\" width=\"860\" height=\"654\" srcset=\"https:\/\/www.molineros.de\/wp-content\/uploads\/Arenal-1-1024x779.png 1024w, https:\/\/www.molineros.de\/wp-content\/uploads\/Arenal-1-300x228.png 300w, https:\/\/www.molineros.de\/wp-content\/uploads\/Arenal-1-768x585.png 768w, https:\/\/www.molineros.de\/wp-content\/uploads\/Arenal-1.png 1428w\" sizes=\"auto, (max-width: 860px) 100vw, 860px\" \/><\/a><\/p>\n<p>&nbsp;<\/p>\n<p style=\"text-align: center;\"><img loading=\"lazy\" decoding=\"async\" class=\"aligncenter size-full wp-image-46\" title=\"Isla Portichol\" src=\"http:\/\/wp2.molineros.de\/wp-content\/uploads\/javea4x.jpg\" alt=\"Isla Portichol\" width=\"614\" height=\"461\"><\/p>\n<p style=\"text-align: center;\"><img loading=\"lazy\" decoding=\"async\" class=\"aligncenter size-full wp-image-42\" title=\"Hafen\" src=\"http:\/\/wp2.molineros.de\/wp-content\/uploads\/javea7x.jpg\" alt=\"Hafen\" width=\"614\" height=\"461\"><\/p>\n<p style=\"text-align: right;\"><img loading=\"lazy\" decoding=\"async\" class=\"alignright size-full wp-image-156\" title=\"weiter\" src=\"http:\/\/wp.molineros.de\/wp-content\/uploads\/2009\/03\/weiter.gif\" alt=\"weiter\" width=\"49\" height=\"49\"><\/p>\n<p>&nbsp;<\/p>\n<p>print_link]<\/p>\n","protected":false},"excerpt":{"rendered":"<p>J\u00e1vea (auf valenciano X\u00e1bia), mit ca. 30.ooo Einwohnern liegt zwischen Valencia und Alicante am \u00f6stlichsten Punkt der Provinz Valencia ,im Norden der Costa Blanca, der \u201eWei\u00dfen K\u00fcste&#8220;, an einer 25 km langen Bucht zwischen dem Cap de Sant Antoni im Norden und dem Cap de la Nau im S\u00fcden. Bei klarem Wetter sieht man die gegen\u00fcber liegende Insel Ibiza. Aussichtspunkte&nbsp;<\/p>\n","protected":false},"author":1,"featured_media":0,"parent":149,"menu_order":31,"comment_status":"closed","ping_status":"closed","template":"","meta":{"ngg_post_thumbnail":0,"footnotes":""},"class_list":["post-41","page","type-page","status-publish","hentry"],"_links":{"self":[{"href":"https:\/\/www.molineros.de\/index.php?rest_route=\/wp\/v2\/pages\/41","targetHints":{"allow":["GET"]}}],"collection":[{"href":"https:\/\/www.molineros.de\/index.php?rest_route=\/wp\/v2\/pages"}],"about":[{"href":"https:\/\/www.molineros.de\/index.php?rest_route=\/wp\/v2\/types\/page"}],"author":[{"embeddable":true,"href":"https:\/\/www.molineros.de\/index.php?rest_route=\/wp\/v2\/users\/1"}],"replies":[{"embeddable":true,"href":"https:\/\/www.molineros.de\/index.php?rest_route=%2Fwp%2Fv2%2Fcomments&post=41"}],"version-history":[{"count":9,"href":"https:\/\/www.molineros.de\/index.php?rest_route=\/wp\/v2\/pages\/41\/revisions"}],"predecessor-version":[{"id":534,"href":"https:\/\/www.molineros.de\/index.php?rest_route=\/wp\/v2\/pages\/41\/revisions\/534"}],"up":[{"embeddable":true,"href":"https:\/\/www.molineros.de\/index.php?rest_route=\/wp\/v2\/pages\/149"}],"wp:attachment":[{"href":"https:\/\/www.molineros.de\/index.php?rest_route=%2Fwp%2Fv2%2Fmedia&parent=41"}],"curies":[{"name":"wp","href":"https:\/\/api.w.org\/{rel}","templated":true}]}}

über Javea

<p>Jávea (auf valenciano Xábia), mit ca. 30.ooo Einwohnern liegt zwischen Valencia und Alicante am östlichsten Punkt der Provinz Valencia ,im Norden der Costa Blanca, der „Weißen Küste&#8220;, an einer 25 km langen Bucht zwischen dem Cap de Sant Antoni im Norden und dem Cap de la Nau im Süden.<br />
Bei klarem Wetter sieht man die gegenüber liegende Insel Ibiza.</p>
<p><a href="https://www.javeamigos.com/javea-holiday-guide/visiting-the-viewpoints/">Aussichtspunkte</a>&nbsp;</p>
<p>Der Küstenverlauf wechselt zwischen kleinen Buchten und ausgedehnten Stränden.<br />
Nördlich von Jávea, im botanischen Schutzgebiet der Region València erhebt sich der 753m hohe Montgó.<br />
Zum Landesinneren hin erstrecken sich Orangenplantagen .<br />
Mit seiner vielseitigen Landschaft, sowohl an der Küste als auch im Landesinneren und einer naturfreundlichen Infrastruktur, bietet dieser Ort dem Besucher ein verlockendes Urlaubsangebot.<br />
Jávea verfügt über 6 Strände, ein Yacht- und Fischereihafen, 3 Tennisanlagen, 2 Golfplätze etc., Einkaufsmöglichkeiten, wie Supermärkte, die mit ihrem Angebot auch höchsten Ansprüchen genügen, Boutiquen, eine Markthalle, Wochenmarkt, Banken, Restaurants für jeden Geschmack , kulturelle Einrichtungen und Ausstellungen sind vorhanden.<br />
Auch die ärztliche Versorgung ist gut.<br />
Ein großer Teil des Stadtgebietes befindet sich unter Naturschutz.<br />
Man findet kleine abgeschiedene Felsenbuchten, aber auch den breiten Sandstrand Arenal mit seiner Palmenpromenade , vielen Restaurants und Geschäften.<br />
In der Altstadt scheint die Zeit stehen geblieben zu sein, während im modernen Hafengebiet geschäftiges Treiben herrscht.</p>
<p><a href="https://www.molineros.de/wp-content/uploads/Altstadt-scaled.jpg"><img loading="lazy" decoding="async" class="alignnone wp-image-512 size-large" src="https://www.molineros.de/wp-content/uploads/Altstadt-766x1024.jpg" alt="Altstadt" width="766" height="1024" srcset="https://www.molineros.de/wp-content/uploads/Altstadt-766x1024.jpg 766w, https://www.molineros.de/wp-content/uploads/Altstadt-224x300.jpg 224w, https://www.molineros.de/wp-content/uploads/Altstadt-768x1027.jpg 768w, https://www.molineros.de/wp-content/uploads/Altstadt-1149x1536.jpg 1149w, https://www.molineros.de/wp-content/uploads/Altstadt-1532x2048.jpg 1532w, https://www.molineros.de/wp-content/uploads/Altstadt-scaled.jpg 1915w" sizes="auto, (max-width: 766px) 100vw, 766px" /></a></p>
<p><a href="https://www.molineros.de/wp-content/uploads/Arenal-1.png"><img loading="lazy" decoding="async" class="alignnone size-large wp-image-513" src="https://www.molineros.de/wp-content/uploads/Arenal-1-1024x779.png" alt="" width="860" height="654" srcset="https://www.molineros.de/wp-content/uploads/Arenal-1-1024x779.png 1024w, https://www.molineros.de/wp-content/uploads/Arenal-1-300x228.png 300w, https://www.molineros.de/wp-content/uploads/Arenal-1-768x585.png 768w, https://www.molineros.de/wp-content/uploads/Arenal-1.png 1428w" sizes="auto, (max-width: 860px) 100vw, 860px" /></a></p>
<p>&nbsp;</p>
<p style="text-align: center;"><img loading="lazy" decoding="async" class="aligncenter size-full wp-image-46" title="Isla Portichol" src="http://wp2.molineros.de/wp-content/uploads/javea4x.jpg" alt="Isla Portichol" width="614" height="461"></p>
<p style="text-align: center;"><img loading="lazy" decoding="async" class="aligncenter size-full wp-image-42" title="Hafen" src="http://wp2.molineros.de/wp-content/uploads/javea7x.jpg" alt="Hafen" width="614" height="461"></p>
<p style="text-align: right;"><img loading="lazy" decoding="async" class="alignright size-full wp-image-156" title="weiter" src="http://wp.molineros.de/wp-content/uploads/2009/03/weiter.gif" alt="weiter" width="49" height="49"></p>
<p>&nbsp;</p>
<p>print_link]</p>

<p>Jávea (auf valenciano Xábia), mit ca. 30.ooo Einwohnern liegt zwischen Valencia und Alicante am östlichsten Punkt der Provinz Valencia ,im Norden der Costa Blanca, der „Weißen Küste&#8220;, an einer 25 km langen Bucht zwischen dem Cap de Sant Antoni im Norden und dem Cap de la Nau im Süden. Bei klarem Wetter sieht man die gegenüber liegende Insel Ibiza. Aussichtspunkte&nbsp;</p>
